be o + (2 - 2) + 0. Suppose 17 = 4*i + v, v + c = 3*i - 10. What is the units digit of i?
5
Suppose 2*r + 2*h = -r + 21, h = 0. Suppose -5*f + 3 + r = 0. What is the units digit of f?
2
Let m = 505 + -262. What is the tens digit of m?
4
Let m = 4 + -2. Let z(o) = o - 12. Let i be z(11). What is the units digit of (-18)/(-4) - i/m?
5
Let u = -39 + 60. What is the units digit of u?
1
Let q(o) = o - 12. Let i be q(0). Let j(r) = r**3 + 12*r**2 - 2*r - 12. What is the units digit of j(i)?
2
Let n(t) = 3*t**2 - 16*t + 18. What is the hundreds digit of n(10)?
1
Suppose -5*a + 32 = -4*p - 7, 0 = 2*a + p - 13. Let u = a - 4. What is the units digit of u?
3
Let n(t) = -t - 4. Let h be -3*(-1 + 2)*2. Let v be n(h). Suppose -v*d - a + 44 = 2*d, -4*a = 2*d - 22. What is the units digit of d?
1
Let s = 113 + 131. What is the units digit of s?
4
Let j be (-7 - (0 + -1))*-3. Let n = j - 30. Let w = n + 24. What is the units digit of w?
2
Suppose 3*z + 2*u = 9, 9 = 2*z + 4*u + 3. Let i(f) = 5*f + 2*f - 5*f - 4. What is the units digit of i(z)?
2
Let m(g) = g**3 + 6*g**2 - 6*g + 8. Let i(h) = -h - 2. Let z be i(5). Let a be m(z). Let r = 2 - a. What is the units digit of r?
1
Suppose -2*w + 108 + 14 = 0. What is the tens digit of w?
6
What is the tens digit of 5 - (-1 + 4) - -3*63?
9
Suppose -3*b + 5*o = -199, 3*o - 2*o + 2 = 0. What is the tens digit of b?
6
Let u = 29 - 6. What is the tens digit of u?
2
What is the units digit of (-3)/(0 + (-3)/4)?
4
Suppose -z = -247 + 21. What is the units digit of z?
6
Let s = 14 + -11. Suppose s*c + 4 = 13. What is the units digit of c?
3
Let o = 142 - 99. What is the tens digit of o?
4
Suppose 5*g + 3*j + 2*j = 345, -5*g + 2*j = -345. What is the units digit of g?
9
Let i be (-2 + -1)/(6/(-8)). Suppose -4 + 0 = -i*m, -5*g = -3*m - 32. What is the units digit of g?
7
Let p be (-1)/2 + (-3)/(-6). Suppose 4*v - 5*f + 3 = -0, -5*v - 5*f + 30 = p. What is the units digit of v?
3
Suppose -2*m = -0 + 20. Let p = 18 + m. Let c = 12 - p. What is the units digit of c?
4
Let m = -40 - -64. Suppose -m = 4*g - 8*g. Suppose -4*f = -g - 14. What is the units digit of f?
5
Suppose x + 5*h = 31, -4*x = -3*h - 2*h - 99. What is the tens digit of x?
2
Let f = 28 + 12. What is the tens digit of f?
4
Suppose -5*w + 4*w - 5*l = 21, -w + 5*l = -29. Suppose 0 = -0*t + w*t - 32. Let s = t - 5. What is the units digit of s?
3
Suppose 0 = -5*u + 3*u + 26. What is the units digit of u?
3
Let l(d) be the third derivative of -d**4/8 - d**3 - 3*d**2. What is the units digit of l(-5)?
9
Suppose 3*b = 8*b. Let m(f) = -f**3 - 12*f**2 - 11*f + 9. Let q be m(-11). Suppose -k + 12 = 5*o, 2*k - 5*o = -b + q. What is the units digit of k?
7
Let w = 19 + -3. What is the units digit of w?
6
Suppose 0 = -w - 4*v - 3, 8 = -2*w - 4*v + 2. What is the units digit of (2 + w/2)*68?
4
Suppose -5*h = -500 - 230. What is the tens digit of h?
4
Suppose 4*n + 0*n + 28 = 0. Let l(h) = h**2 + 5*h - 9. What is the units digit of l(n)?
5
Suppose -m + 3*m = -100. Let s = m + 74. What is the units digit of s?
4
Let h(l) = -l + 31. Let a be h(13). Let y = 32 - a. What is the units digit of y?
4
Let c = 12 - 1. Suppose -i + 3*i + p - c = 0, 2*p = -2*i + 6. What is the units digit of i?
8
Let z(l) = l + 1. Let u(i) = -i**2 - 11*i - 9. Let g(d) = -u(d) - 6*z(d). What is the units digit of g(-6)?
9
What is the tens digit of 3 + 37 - 1/(-1)?
4
Let t(a) = a**2 - 4*a - 1. Let c be t(5). Suppose 5*y + 82 = 2*d, y + 0*y = c*d - 2. What is the units digit of (2/6)/((-3)/y)?
2
Suppose -2*r - 2*r = 92. Let v = 34 + r. What is the tens digit of v?
1
Let y = -6 - -4. What is the units digit of ((-6)/y)/(3/4)?
4
Suppose 4*g - 16 = -4*h + 12, g + 23 = 5*h. Let j(u) = 3*u - 3*u**g + 2*u + 2 + 2*u**2. What is the units digit of j(5)?
2
Let z(x) = 6*x. Let v = 30 - 23. What is the tens digit of z(v)?
4
Suppose -5*t + 0*p - 32 = p, -2*p = 4. What is the units digit of (t/9)/((-3)/9)?
2
Let t = -4 + 4. Suppose t = 4*p - 10 - 18. Let b(r) = -r + 16. What is the units digit of b(p)?
9
Let w(c) = c + 2. Let p(o) = -o**3 - 8*o**2 - 8*o - 8. Let m be p(-7). Let k be w(m). Suppose -k + 5 = h. What is the units digit of h?
4
Suppose 0 = 8*w - 346 - 1150. What is the tens digit of w?
8
Let z(v) = -17*v. Let g = -10 - -9. What is the tens digit of z(g)?
1
Suppose 0 = 4*m - 3*b - 255, -b + 94 = 4*m - 141. Suppose 7*k = 2*k + m. Suppose -4*g + k = -0*g. What is the units digit of g?
3
Let f = -30 - -43. Let c = 27 - f. What is the units digit of c?
4
Let m = 1 + -5. Let h(l) = -2*l - 1. Let v be h(m). Let c(x) = -x**2 + 9*x - 10. What is the units digit of c(v)?
4
Let g = 21 - 19. Suppose -5*r - 3*l + 0*l = -161, -g*r = 5*l - 53. What is the tens digit of r?
3
Let y(d) = -d**3 + 4*d**2 - 2*d - 2. Suppose -2*z + 8 = -10. Suppose s = 4*s - z. What is the units digit of y(s)?
1
Let x = -8 - -28. What is the units digit of ((-64)/x)/2*-5?
8
Let z(m) = -m**2 + 16*m - 16. Let r = 37 + -23. What is the units digit of z(r)?
2
What is the tens digit of ((-488)/(-20))/((-2)/(-10))?
2
Let y = -5 + 7. Suppose y*r + 10 = 4. Let l = 14 + r. What is the units digit of l?
1
Suppose -z + 105 = 5*q, 4*z = q + 434 - 119. Suppose -4*k + z = -4*t, k - 4*t = t + 24. What is the units digit of k?
9
Let m = 2 - 5. What is the tens digit of (0 + -3)*10/m?
1
Suppose -2*d = 5 + 7. What is the units digit of 62/6 - (-2)/d?
0
Suppose -4*c = 2*j, -3*j - 5 = -3*c - 23. What is the tens digit of 26*(-1 + (-3)/c)?
1
Let v be (4/12)/(2/24). Let a = v - 0. What is the units digit of a?
4
Let u(x) = 9*x + 72. What is the units digit of u(23)?
9
Let x = -2 + 4. Let m = 7 - x. What is the units digit of m?
5
Let p(t) = 5*t + 7. Let l(m) = -m. Let d(s) = -4*l(s) - p(s). Suppose -2*b - 33 = -3*u, -4*u + 2*u = -b - 19. What is the units digit of d(b)?
2
Let z(c) be the first derivative of c**2/2 + 15*c - 1. Let x = -9 + 2. What is the units digit of z(x)?
8
Suppose 0 = -t - 2*k + 37 + 49, 3*t = -4*k + 250. Let l be t/18 + (-1)/3. Suppose 4*g = -r + 39, 5*r - 2*r = l*g - 43. What is the tens digit of g?
1
Let u be 3 - (-3)/(9/15). Suppose 15 = -3*m + u*m. What is the units digit of m?
3
Let b be 0/3 + (-8)/(-2). Suppose -2*i + i = 2*m - 56, 4*m + b*i = 112. Suppose 0 = s + 3*s - m. What is the units digit of s?
7
What is the tens digit of 4/16 + 364/16?
2
Suppose -3*k - 114 = -b + 2*b, -k - 38 = 3*b. What is the units digit of k*(9/(-6) - -1)?
9
Let v be 131/6 + 11/66. Let z = 43 - v. What is the units digit of z?
1
Let p(g) = 2*g**2 + 12*g + 2. What is the units digit of p(-8)?
4
Suppose 0 = -t + 3*t - 6. Suppose -o - 2*q + 17 = -5*q, -3*o = t*q + 9. What is the tens digit of (2/(-4))/(o/(-48))?
1
Let n(b) = -2*b + 2. Let t be n(-2). What is the tens digit of 18 - -3*(-2)/t?
1
Suppose 2*s + 5*n - 2 = -25, -s - 5*n = 24. Suppose c = -2 + s. What is the units digit of 2/c - -1*8?
6
Suppose 2*t = -n + 26, 3*n + 2*t - 4*t = 94. What is the units digit of n?
0
Let q = -5 + 7. Suppose 0 = o - z, -o - 4 = -4*o + q*z. What is the units digit of o?
4
Let t(l) = 5*l - 5 + l + 4 - l**2. Suppose 2*y - 5*z = 6*y - 5, -z - 23 = -4*y. What is the units digit of t(y)?
4
Suppose -4*d = -4 - 4. Let k(t) = 1 + 4*t - t**2 + 5*t**d - 6*t + 4*t. What is the units digit of k(-2)?
3
Let r(g) be the first derivative of g**3/3 + g**2 - 3*g + 1. Let l be r(3). What is the units digit of (-1)/((15/l)/(-5))?
4
Let w(z) = -2*z**3 + 4*z**2 + z + 1. Let o = 7 + -12. Let v(a) = a**3 - 2*a**2 - 1. Let b(l) = o*v(l) - 3*w(l). What is the units digit of b(3)?
2
Let d = 19 + 12. What is the units digit of d?
1
Let k = -22 + 45. What is the units digit of k?
3
Let c = 35 - 24. Let o = -6 + c. What is the units digit of o?
5
Let w(n) = 4*n**2 - 2*n**3 + 5*n + 2 + n**3 + 0*n. Let a be 1 + -3 + (8 - 1). What is the units digit of w(a)?
2
Suppose 39 = 3*u - 3*t, -8 - 11 = -3*u - 2*t. Let n(j) = -j**2 + 9*j - 6. Let z be n(6). Let a = z + u. What is the tens digit of a?
2
Let c = -1 + -1. Let g(x) = -2*x**3 - 2*x**2 + 3*x + 3. Let m be g(c). Suppose 5*o + 47 = 2*a, 0*a - m*o = -5*a + 95. What is the units digit of a?
6
Let f = -9 - -1. Let n = -4 - f. What is the units digit of n?
4
Suppose -j - 4*r + 7 = -1, -j - r = -5. Let y be (12/(-5))/(j/(-80)). Suppose 3*z + k = 11 + 19, -4*z + y